 = -i + h. List the prime factors of i.
2
Suppose 0 = 2*h + 4*h - 66. What are the prime factors of (46/8 - 5/(-20))*h?
2, 3, 11
What are the prime factors of (-24)/(-56) + 11*88/28?
5, 7
Suppose -c = 5*z - 10, 2*z + 4*c + 2 = 3*z. Suppose 2*u = -0*u - z*s + 52, -s + 130 = 5*u. What are the prime factors of u?
2, 13
Let m(s) = -s**3 - 37*s**2 + 40*s + 84. List the prime factors of m(-38).
2
Let g be 446/8 - (-6)/(-8). Suppose 5*x - 37 = 4*o + g, 2*x - 50 = -5*o. Suppose 0 = -z + 3*m + x, 3*z + 18 = 4*z - 4*m. What are the prime factors of z?
2, 13
Let k(w) = 6*w**2 + 4*w + 4. What are the prime factors of k(3)?
2, 5, 7
Suppose -4445 = -5*l - 2*x - 3*x, -4*x = -6*l + 5364. List the prime factors of l.
2, 223
Let g = -83 - -83. Suppose 12*j - 5*j - 91 = g. What are the prime factors of j?
13
Let y(a) = a - 9. Let z be y(9). Suppose 188 = -z*j - 4*j. Let i = j - -66. List the prime factors of i.
19
Let c = 7 - 4. Suppose -a + 37 = -c*p, 2*a + p + p - 34 = 0. Suppose a = -3*y + 5*y. What are the prime factors of y?
11
Let c = -7 + 12. Suppose -4*v + 2*m + 2 = 0, c*v - 2*m + 5*m = 8. List the prime factors of (-10)/((-2)/2 - v).
5
Let j(o) = -8*o - 2. Let q be j(-1). Suppose v - 34 + q = 0. List the prime factors of v.
2, 7
Let m(n) = 3*n - 20. Let u be 112/42*(1 - -2). Let p be m(u). Suppose 207 = p*j - 3*f, 3*j - 59 = 2*f + 97. List the prime factors of j.
2, 3
Let o(y) = y**3 + 6*y**2 - 9*y + 1. Let q(s) = 14*s. Let l be q(-1). Let p be ((-2)/(-3))/(l/147). List the prime factors of o(p).
3, 5
Suppose -2*j = -5*v + 398, -v + 6*v = -2*j + 402. Let a = v + -59. What are the prime factors of a?
3, 7
Let c(f) = f**3 + 6*f**2 - 7*f - 6. Let v be c(-7). What are the prime factors of (40/v)/((-12)/54)?
2, 3, 5
List the prime factors of 4/(-16)*-1252 + 0 + 0.
313
Suppose 2*z + 2 = 6. What are the prime factors of -91*6/(-9) - z/(-6)?
61
Let m(n) = -1231*n - 711. List the prime factors of m(-5).
2, 1361
What are the prime factors of -2 - 2877/(-12) - (-2)/8?
2, 7, 17
Let w be 3 + 7 + 3 + -1. Let y be (-100)/3*w/(-10). Suppose -22 - y = -2*m. List the prime factors of m.
31
Suppose -6 = 6*u - 3*u. Let s be (-2)/2*u*5. Let v(g) = g**3 - 9*g**2 - 8*g + 5. List the prime factors of v(s).
5
Suppose 2 = g - 4. Suppose r = g*r + 140. Let z = r + 58. What are the prime factors of z?
2, 3, 5
Suppose 15 - 7 = 2*v. Suppose v*p = -3*q + 318, -3*p = -5*p + 2*q + 152. List the prime factors of p.
2, 3, 13
Let k(j) = j - 15. Let v be k(15). Suppose 5*r + 149 - 379 = v. List the prime factors of r.
2, 23
Suppose 0 = -c - 3 + 1. Let h be c/(-4)*(5 - -21). Suppose -h*z = -18*z + 50. List the prime factors of z.
2, 5
Let o(v) = 5*v - 8. Let y be o(-5). Let j = y - -70. List the prime factors of j.
37
Let n be 30/4 - 1/(-2). Let i be n/(3 - 16/6). Let d = i + -15. List the prime factors of d.
3
Suppose -2*q + 889 = 5*f, -q - 19 = -f + 163. Let r = -57 - -100. Suppose -4*n + f = r. What are the prime factors of n?
2, 17
Let h be ((-9)/18)/((-1)/30). Let v = h - 16. List the prime factors of (5 - -5) + v + 2.
11
Suppose 4*u - 2*u = 14. Suppose -u = -6*t + 11. Suppose -16 - t = -n. List the prime factors of n.
19
Let z = -39 - 144. What are the prime factors of 5*(z/(-15) + -3)?
2, 23
Let f = 750 + -283. List the prime factors of f.
467
Suppose 0 = -38*u + 18188 + 138296. List the prime factors of u.
2, 29, 71
Suppose 10*c - 9*c = 5, -3*s + c + 7300 = 0. What are the prime factors of s?
5, 487
Let h(p) = p**3 + 7*p**2 - 7*p + 4. Let r be h(-9). Let g = 163 + r. What are the prime factors of g?
2, 17
Let t(n) = -n - 5. Let c be t(-5). Suppose -3*g + 7*b = 3*b + 86, c = -2*g + b - 54. Let v = g + 28. List the prime factors of v.
2
Suppose 0 = 28*j - 84*j + 38640. What are the prime factors of j?
2, 3, 5, 23
Suppose 14 = -11*i + 69. Suppose 0*f = 5*t + 5*f - 1120, -i*f + 433 = 2*t. What are the prime factors of t?
229
Let t(p) be the first derivative of -1/2*p**2 + 4/3*p**3 + 7*p - 3. What are the prime factors of t(-3)?
2, 23
Suppose -5*p = -2*u - 6, 3*p - 9 - 1 = -2*u. List the prime factors of (p + (-44)/(-6))/((-28)/(-210)).
2, 5, 7
Let s be 2/(-4)*2*0. Let g(h) = h**3 + 7*h**2 - 5*h - 27. Let w be g(-7). List the prime factors of w*(s + 2 + -1).
2
Let g(l) = -l + 8. Suppose -x + 24 = 2*x. Let n be g(x). Suppose 3*u - 5*s - 172 = n, -3*u - s + 127 + 33 = 0. What are the prime factors of u?
2, 3
Let k(p) = 2*p**2 - 4*p - 24. Let m be k(7). Let x = m - 17. What are the prime factors of x?
29
Let w = 21 + -16. Let g(i) = -13*i**3 - 9*i**2 + 11*i - 4. Let u(f) = 6*f**3 + 4*f**2 - 5*f + 2. Let y(s) = w*u(s) + 2*g(s). What are the prime factors of y(1)?
5
Let i(n) = -3*n - 4. Let c(m) = m**2 + 8*m - 12. Let d be c(-9). List the prime factors of i(d).
5
Suppose 0 = -5*q - k + 2376, 4*q - 2*k + 3*k = 1901. List the prime factors of q.
5, 19
Let n(o) = -o - 1. Let w(q) = 7*q + 8. Let x(a) = -4*n(a) - w(a). Let d be x(-4). Suppose 0 = 2*t - d - 68. What are the prime factors of t?
2, 19
Let s be 89*-3*5/(-15). Suppose s = 5*u - 191. What are the prime factors of u?
2, 7
Let x = -1437 - -2577. What are the prime factors of x?
2, 3, 5, 19
Let t(n) = n**3 + 11*n**2 + 14*n - 9. What are the prime factors of t(-6)?
3, 29
Let x be -1*(3 + 66 + -4). What are the prime factors of (x/2)/(2/4*-1)?
5, 13
Let s(i) = 1767*i**2 + 10*i - 11. What are the prime factors of s(1)?
2, 883
Let p(j) = 2*j**2 - 16*j - 7. Let r(a) = -3*a**2 + 24*a + 11. Let f(n) = -7*p(n) - 5*r(n). What are the prime factors of f(-5)?
59
Let q = 0 - -8. Let b be (11 - q) + 2*1. Suppose -b*g + 0*g = -90. What are the prime factors of g?
2, 3
What are the prime factors of 2233 - 9 - (1 + 10)?
2213
Let q(j) be the first derivative of -3*j**4/4 - j**3/3 - 7*j**2/2 + 6*j + 36. What are the prime factors of q(-4)?
2, 3, 5, 7
Let n(s) = s**2 + 4*s + 1. Let z be n(-6). Suppose -5*k + 0*a - 2*a = -10, -45 = -5*k + 5*a. Let y = z - k. What are the prime factors of y?
3
Suppose 3*n - g - 16 = 7*n, -13 = -n + 4*g. Let d be (-4)/n*18/8. Suppose 6*r + l - 18 = d*r, -r = -2*l - 13. List the prime factors of r.
7
Let o(b) = 17*b + 7. Let c(z) = 1. Let r(d) = -5*c(d) + o(d). Let l be r(1). Let a = 22 - l. What are the prime factors of a?
3
Let g(n) = -2*n - 15. Let a be g(-10). Let c = 3 - a. What are the prime factors of 13 + (c - -2)/3?
13
Suppose -4*p + 5814 = 2*c, -4 = p + 3*p. What are the prime factors of c?
2909
Let n(y) = -y**3 - 21*y**2 + 17*y + 23. Let s be n(-22). Suppose s*j - 95 = 132*j. List the prime factors of j.
5, 19
Let a = 12 - 21. Let j(z) = -z**2 + 3*z - 6. Let v be j(-6). What are the prime factors of 30/25*v/a?
2
Suppose 5*a - 873 = -3*i + i, 4*a - 3*i = 680. What are the prime factors of a?
173
Suppose 0 = -n + 6*n + 5. List the prime factors of 35 - n/(-2)*8.
31
Let c be 4 - 2 - 34/(-1). Suppose -44 = -2*b + c. Suppose -27 = -j + b. List the prime factors of j.
67
Suppose 3*h + 4*s = 116, 0 = -0*s - s + 5. Suppose -u - 3*u = -h. What are the prime factors of u?
2
Let v = 2 - 0. Suppose -46 = 3*f + p - 3*p, -f - v*p = 18. List the prime factors of 4/f*0 + 9.
3
Let d be (4/8)/((-2)/(-364)). What are the prime factors of (-3 + 2)*(2 - d)?
89
Let v = -55 - -121. List the prime factors of v.
2, 3, 11
Let y be 1 + 548/4 + 0. What are the prime factors of ((-8)/6)/((-4)/y)?
2, 23
Let c be (-3)/(-2) - 2/(-4). Suppose 0 = -4*a - c*z - 0*z + 4, -2*z - 6 = -a. Suppose 0 = -2*j + a*p + 2 + 22, -5 = p. What are the prime factors of j?
7
Let t = -257 - -419. Suppose 5*o = 4*m - t, -5*m + 0*o = 3*o - 184. List the prime factors of m.
2, 19
Let f = 40 + -35. Suppose 0 = 4*q + 12, f*l = l - q + 105. What are the prime factors of l?
3
Suppose -3*z = 4*j + 40, 3*j + 2*z + 0 = -29. What are the prime factors of (-371)/j - (-3)/1?
2, 7
Let j(v) = v - 4*v**3 - 3*v**2 - 2 + 0 - 4*v**3. Let f(n) = n**3 + n**2 - n + 1. Let d(m) = -2*f(m) - j(m). What are the prime factors of d(2)?
2, 3
Suppose 0 = -4*c + 2*c + 8. Let b(f) = 7*f**2 - 2*f + 6. List the prime factors of b(c).
2, 5, 11
Let w(m) = -1506*m + 73. List the prime factors of w(-3).
4591
Suppose 3*a - p - 8 = -0*p, a = -5*p + 24. Let w be (-2)/5 + a/10. Suppose i + j - 40 = w, i - 28 = 3*j - j. List the prime factors of i.
2, 3
Let a be (8 + -4 + -18)*14/(-4). Let h = a - 17. List